 + 12 + -18.
6
6 + -1 + (-5 - 4)
-4
Evaluate -3 + 0 + 0 + 1 - -5.
3
Calculate -1 - (-5 - (-4 - -5)).
5
What is 5 - (6 + (2 - 7))?
4
Evaluate 1 + (3 - 3) - -1.
2
What is (6 - 9) + 0 - -8?
5
What is the value of -81 - -71 - (1 - 8)?
-3
What is the value of -6 - -2 - -2 - (3 - 8)?
3
What is the value of (-12 + 7 - -12) + -5?
2
Evaluate (7 - -1) + (15 - 16).
7
Evaluate -6 + (-4 - -6) + 4.
0
What is 4 + 0 + 0 + -7?
-3
What is (8 - 0) + -12 + (1 - -6)?
3
-3 - -14 - (-2 + (4 - -3))
6
Evaluate 6 + -12 - -23 - 4 - 6.
7
What is 15 + -12 + (-7 - -1)?
-3
Evaluate -10 - (1 + -4 + -37 + 35).
-5
What is the value of -4 + 8 + -7 + 0?
-3
Evaluate -3 + 8 + (-7 - -4 - -2).
4
Evaluate (1 - 1) + 25 + -30.
-5
0 + -3 - (-8 - -8)
-3
What is 3 + -5 + 7 + -7 + 3?
1
What is the value of 3 - ((-2 - -4 - 2) + 8)?
-5
Calculate 9 + (-9 - (3 + 2)).
-5
What is -1 - (5 + -4 - -1)?
-3
(-1 - 1) + 3 + (13 - 13)
1
Calculate -7 - -10 - (0 + -1).
4
What is the value of 0 - (3 + -1 - (-2 + 0))?
-4
3 - 1 - (-55 - -59)
-2
What is 2 - 0 - 5 - -7?
4
What is the value of 6 + (-6 - (-6 - -4))?
2
Calculate 345 + -333 - (6 - (1 - 1)).
6
What is 0 + 4 - (-3 - (0 + -7))?
0
What is the value of 0 + -8 - -7 - -9?
8
Evaluate 2 + (-1 - 2) - -6.
5
-7 + 17 - (3 + 4)
3
What is the value of -1 + -4 - (79 + -85)?
1
Evaluate -5 - -5 - (0 - 2).
2
What is -4 - (-6 - (-4 + 2)) - 2?
-2
Calculate -6 - (3 - -2 - 9).
-2
Evaluate -17 + 4 + 12 + -5.
-6
-1 + (-10 - -7) + -6 - -6
-4
-12 + 6 + (-2 - -4)
-4
What is the value of (6 + 1 - 5) + -4?
-2
Calculate (1 - 4) + (-1 + -2 - -13).
7
What is the value of (7 - 6 - (4 + 0)) + 2?
-1
What is (4 - 4) + -7 + 1?
-6
Evaluate -1 - -1 - (21 - 22).
1
(2 - 12) + 27 + -18
-1
Calculate 0 - (2 + (-8 - (0 + -5))).
1
What is the value of -1 + (-1 - 2) + (7 - 2)?
1
What is the value of (-1 - (1 + 1 - 9)) + -12?
-6
Calculate (8 - 0) + -9 + 0.
-1
15 - -1 - (62 + -53)
7
Calculate -1 + -2 + 13 - (1 + 1).
8
What is the value of (-15 - -3 - -22) + -8?
2
What is -5 - (6 + -3 - 10)?
2
-7 - (-3 - 8) - 7
-3
What is -5 + 6 + 3 + 0 + -1?
3
Evaluate -1 - (4 - 5) - -3.
3
Evaluate 3 + -4 + 5 + -8 + 6.
2
What is 4 + (-2 - (2 - 7))?
7
Evaluate (-4 - -10) + -4 - 6 - -1.
-3
What is the value of (-11 - 1) + 13 + 2 + 1?
4
Calculate (1 - 0) + (79 - 78) - 12.
-10
What is -24 - -21 - (2 + 0)?
-5
What is the value of -24 + 22 + -4 + 2?
-4
What is -3 + -6 - ((-3 - -3) + -9)?
0
Calculate -1 + 8 + -16 - -7.
-2
What is the value of -7 + (2 + -5 - -1 - -5)?
-4
-5 - (3 - (3 + 1))
-4
What is the value of (-2 - (1 + -2)) + (-36 - -31)?
-6
What is 18 + -5 + -11 + 5?
7
(-6 - -9) + 0 + -1
2
What is 1 - (-5 + 3 + 3)?
0
What is the value of 2 + 2 + -6 + 4 + 0?
2
4 + (4 - 1) + -6
1
What is the value of 4 - (1 - (0 + (-3 - -5)))?
5
Evaluate -4 + -2 + 8 + -5.
-3
Evaluate 10 + 4 + -25 - (-4 - 3).
-4
What is 13 - (10 - 1) - 0?
4
(-1 - (0 + 2)) + 4 + -2
-1
What is the value of (0 - 9) + 14 + (3 - 14)?
-6
Calculate 7 + -2 + -6 + -2.
-3
Calculate 2 + 6 - -2 - 8.
2
What is the value of 2 - 4 - (-12 - (-12 - -2))?
0
What is -1 + 0 + -3 + 4?
0
What is the value of (-2 - (12 + -4 - 5)) + 3?
-2
What is 1 + (3 + -1 - 0) + -1?
2
Evaluate 7 - (-1 + 7 - 0).
1
Evaluate (6 - 0) + -15 + 4.
-5
Calculate (2 - (10 + -2)) + (54 - 56).
-8
What is -2 - -4 - (1 - 1 - 2)?
4
What is the value of -3 + 2 + (1 + 4 - -2)?
6
What is 26 + -27 + 0 + 4?
3
Calculate (2 + -2 - -2) + 3.
5
Evaluate -7 - ((-19 - -21) + (0 - 8)).
-1
(-5 - -1) + 3 + 1
0
What is (3 - 4) + 7 - 3?
3
What is 5 - (4 + -5 - -5)?
1
Calculate -3 - (3 + -17) - 10.
1
0 - (-4 + 3 - -3)
-2
178 - 175 - (0 + 0 + -7)
10
What is 4 - (7 + (1 - 4) + -3)?
3
Evaluate -1 + 8 + 17 + -17.
7
What is the value of (3 - 5 - -4) + 9 + -2?
9
Calculate -9 - (1 + (-5 - (-5 - -4))).
-6
(6 - -2) + (-1 - 1)
6
Calculate -2 + 0 + -1 + 83 + -75.
5
(-7 - (-4 + -1)) + -1
-3
What is the value of (0 - -1 - (11 + -2)) + 3?
-5
Calculate 5 + 0 + -1 - (-18 - -20).
2
What is the value of -29 + 24 - (2 - (10 - 2))?
1
(1 - 0) + (1 - (2 - 3))
3
(17 - 15) + (4 - (-2 + 2))
6
What is the value of 1 + (-2 - -1) + -3?
-3
What is the value of -15 + 19 + (-7 - (-1 + 1))?
-3
(-5 - (-9 - 4)) + (-3 - -2)
7
What is (-4 - -6) + 9 - 9?
2
What is the value of 1 + -3 + (-3 - -4) + 2?
1
Evaluate (3 - (-5 - -5)) + 1.
4
Calculate ((-4 - -6) + -5 - -11) + -2.
6
-8 - -4 - (1 + -7)
2
Calculate (-4 - -4) + -3 + (1 - 0).
-2
Calculate 5 + (-2 - -6) + -6.
3
What is the value of 11 + 1 + -3 + (0 - 2)?
7
What is -6 + -1 - (-4 + 0)?
-3
Evaluate (6 - (17 - 8)) + 0.
-3
Calculate -3 - ((-1 + 2 - -1) + -1).
-4
6 - (13 + -5 - -4)
-6
What is (-3 - -13 - 13) + 1 + 7?
5
What is 0 + (4 + -7 + -1 - -2)?
-2
Evaluate 9 + -5 - 2 - -4.
6
Calculate 9 + (-20 - -5) - -8.
2
What is the value of 13 + -1 + 42 + -46?
8
-6 + (-8 - -5) + 13
4
Calculate (-2 - (-6 - (0 + -4))) + -3.
-3
What is the value of 4 + (-3 - -3) + (0 - 1)?
3
Calculate 6 - (7 - (2 - 3)).
-2
What is 10 + (5 - (5 + 5)) - 2?
3
3 + (-2 - 6) + 9 + -9
-5
Calculate (1 - -5) + -13 - (-1 + 4).
-10
Calculate -51 + 58 - (2 + 0).
5
4 + -1 + 6 + -2 + -1
6
What is the value of 15 - (1 + -1 + 8)?
7
Evaluate (3 - 5) + -12 + 23.
9
What is the value of 12 + -7 + -4 + -3?
-2
Evaluate (2 - -7 - 8) + -5.
-4
Calculate 7 - (14 + (-3 - 5)).
1
Evaluate -1 + 2 + 1 - (-5 - -7).
0
Evaluate -1 + (-4 - -2) + -5 + 3.
-5
7 - 13 - -2 - (-10 + 1)
5
What is -9 - ((-6 - -6) + 5 + -8)?
-6
Evaluate -203 - -209 - (-1 + 0 + 1).
6
What is the value of -1 + 2 + (7 - 5) - 2?
1
What is the value of (-7 - (0 - 1)) + (72 - 68)?
-2
-1 + (80 + -90 - (-7 - 0))
-4
Calculate -5 + 7 - (-1 - 1 - -6).
-2
7 + -6 + (-1 - (0 - 4))
4
Calculate (3 - 2 - 3) + -5 + 2.
-5
What is 5 + -2 + 0 + -11?
-8
Evaluate 1 - (6 - -3 - 14).
6
Evaluate (-2 - 3) + -3 + 3.
-5
What is -3 - (-6 - (2 - 2)) - 7?
-4
Evaluate 6 - (1 + (5 + -4 - 0)).
4
What is the value of 3 - ((1 - 4) + (-3 - -3))?
6
Calculate (-4 - -11 - -1) + -16.
-8
What is the value of 2 + -2 - (-4 - -3)?
1
Calculate -2 + (13 - 3) - (9 + -5).
4
What is the value of 1 + 1 + (6 - 3)?
5
What is the value of -1 - ((5 - 5) + 1) - -7?
5
Evaluate (-3 - -1) + 9 + -10.
-3
Evaluate (1 - 4) + (15 - 13).
-1
What is 0 - 8 - (-48 + 31)?
9
What is the value of (11 - -1) + 8 + -10?
10
What is 2 + -4 + -2 + 9?
5
-1 + -3 + 2 + 1
-1
What is the value of 1 - (-4 - -5 - -2)?
-2
What is the value of (-3 - -6) + (16 - 11 - -1)?
9
Evaluate (1 - -1) + -22 + 12 + 12.
4
What is 9 - (8 - (12 + -7 - -3))?
9
Evaluate -3 - (7 - (8 - 5) - 3).
-4
What is the value of (1 - 7) + -1 + 6?
-1
Calculate 1 + (-8 - -6) + 4.
3
1 + -2 - (-6 + 10 - 5)
0
Evaluate -2 + 9 - (11 - 5).
1
(-1 - (2 - -1)) + -15 + 15
-4
Calculate 3 - (-2 + (2 - -3)).
0
What is the value of 4 + -3 + (-2 - 3)?
-4
Evaluate 4 + -1 + -8 - (0 - 1).
-4
Evaluate -2 + (57 - 62 - (0 - 0)).
-7
-5 - (-9 + -2 + 6)
0
Calculate -5 + (-2 - -7) + (0 - -4).
4
(-7 + 7 - (1 + -1)) + 0
0
What is the value of 0 + -3 + 1 - -4?
2
What is (0 - -1) + (7 + -5 - 2)?
1
What is the value of -2 - -7 - 5 - 4?
-4
Calculate 5 - ((8 - 1) + -1).
-1
Calculate 0 - (2 + 10 + -7).
-5
What is -1 + -3 + (1 + 6 - 4)?
-1
-2 + -25 + 8 - -13
-6
What is the value of (13 - 5) + -7 - (-1 - 2)?
4
What is 5 - 3 - (2 - -4)?
-4
What is 5 + -4 + 4 - 6?
-1
Calculate -1 + 3 - 4 - -7.
5
What is (-8 - (3 + -8)) + (8 - 4)?
1
What is (-1 + 1 - (4 - 4)) + -4?
-4
What is the value of 7 + -2 + (-3 - 8 - -3)?
-3
-5 - 2 - 2 - (2 + -6)
-5
Evaluate -1 + 3 - 3 - (-1 - -1).
-1
3 + -7 - (-4 - 3)
3
What is the value of -19 + 27 - (0 + 5)?
3
Calculate 5 + -18 + 6 - -11.
4
Calculate -5 + (-3 - (7 + -18)).
3
What is -16 + 9 - (-3 + 0)?
-4
What is -7 + 15 + -17 - (1 - 6)?
-4
Evaluate 4 - ((6 - 4) + 5).
-3
-18 + 13 - (-2 + 2)
-5
Evaluate 3 + 2 + -7 - (4 + -4).
-2
Evaluate -4 + 2 + (-2 - (0 - 1)).
-3
0 + -1 + (0 - (-8 - -11))
-4
Evaluate 7 + (4 + -8 - -3) + -12.
-6
What is the value of -4 - (-2 + -2 + 3)?
-3
What is (-1 - 0) + 3 + -4?
-2
Evaluate 2 + -1 + (-9 + -1 - -17).
8
Evaluate 1 + 0 + -9 - -2.
-6
Calculate -3 - (1 + -2 + 0 + -3).
1
What is the value of -22 + (9 - -4) + (5 - -1)?
-3
What is the value of -5 - 1 - -5 - -3?
2
What is 6 - 1 - (-3 + 1 + 11)?
-4
What is the value of (1 - (2 + -6)) + 1 + -1?
5
Evaluate 5 + -3 - (3 - 0) - 4.
-5
(-7 - (-14 + -7)) + -18
-4
(-1 - -2) + 10 + -8
3
Calculate -1 + (-1 - (-2 - 0)).
0
Evaluate -3 + 0 - (48 + -49).
-